 r = 200 + -109. Calculate the highest common divisor of h and r.
13
Let k be 4/22 - 152/(-11). Let r be 58 + 2*(0 - 1). Calculate the highest common factor of k and r.
14
Let j = 327 - 320. What is the greatest common factor of 133 and j?
7
Suppose 195 = 3*m - 3*d, -4*m - 23*d + 20*d + 239 = 0. Calculate the greatest common factor of 496 and m.
62
Let f = -1279 + 1359. Calculate the highest common factor of f and 640.
80
Let x(l) = -6*l**3 - 2*l**2 + 3*l + 2. Let c be x(-2). Let f(p) = -52*p + 420. Let t be f(8). Calculate the greatest common divisor of t and c.
4
Let c(m) = m**3 - 2*m**2 + 7*m - 11. Let x be c(5). Suppose 0 = -2*r + 5*r - x. What is the greatest common divisor of 165 and r?
33
Suppose 2*a - l = 12, -a = -0*l + l - 3. What is the greatest common factor of 65 and a?
5
Let b(m) = 4*m**3 - m**2 - 2*m - 1. Let g be b(-2). Let w = g + 82. Calculate the highest common factor of w and 7.
7
Let b be (-6)/(-8) - (8/(-12))/((-40)/(-1455)). Suppose 2*v + 10 = 0, x + 4 = 4*v + 49. Calculate the highest common divisor of b and x.
25
Let j(t) be the second derivative of -t**3/6 - 10*t**2 + 9*t. Let g be j(-22). What is the highest common factor of g and 3?
1
Let b(i) = -15*i - 1. Let c be b(-4). Suppose -c = -x + 1. Let u be ((-36)/(-21))/(((-3)/(-21))/1). Calculate the highest common factor of u and x.
12
Let k be -3*(-5)/(30/4). Let a = 0 + k. Suppose -2*o = a*o - 120. Calculate the greatest common divisor of o and 6.
6
Let x(s) = -2*s**3 - s**2 + 4*s - 7. Let z be x(-5). Let q(t) = 19*t**2 - 2*t + 1. Let f be q(1). What is the highest common factor of z and f?
18
Let p be (-5 - -7)*((-10)/(-4))/(-1). Let o be (-53)/(-5) - p/(50/4). What is the greatest common factor of o and 22?
11
Let l(d) = -d**2 + 38*d - 68. Let w be l(34). What is the highest common factor of w and 306?
34
Suppose s = z + 4*s - 24, 0 = 2*z - 2*s - 16. What is the highest common divisor of 2 and z?
2
Suppose 641 - 3833 = -19*l. Suppose 13 + 11 = j. Calculate the highest common divisor of j and l.
24
Suppose 2*x - 6 = -2. Suppose 4*b + 232 = 3*d, -x*d + 3*b + 405 = 3*d. What is the greatest common factor of d and 210?
42
Let u = 27 + -63. Let o(c) = -c**2 - 21*c - 28. Let l be o(-13). Let t = l + u. What is the greatest common factor of 8 and t?
8
Suppose 0 = -49*x + 277 + 507. What is the greatest common divisor of 16 and x?
16
Let q be (-3 + -15)*28/(-42). What is the greatest common factor of q and 16?
4
Let b(d) = -2*d**3 - 2*d**2 - d + 1. Let h be b(-2). Suppose -2*i + 108 = 5*n, 0 = -5*i - 29*n + 26*n + 232. What is the highest common divisor of h and i?
11
Suppose -5*o + 12 = -2*f, 1 = 3*f + 5*o - 3*o. Let b be f/2 + (-342)/(-4). Suppose -49*h + 561 = -16*h. What is the highest common divisor of h and b?
17
Suppose 0 = -27*l + 63*l - 7488. What is the greatest common divisor of 91 and l?
13
Let u(o) = o**2 - 8*o - 7. Let i be u(9). Suppose -s + 5*z = -7, -2*s = -2*z - 0*z - 38. Calculate the greatest common divisor of i and s.
2
Let x = 646 - 423. Let i = 32 - 26. Suppose -5*n + i*s + 393 = 2*s, -x = -3*n - 4*s. What is the greatest common factor of 7 and n?
7
Suppose 0 = -2*t + 1323 - 1123. Calculate the greatest common factor of t and 40.
20
Let m be ((-5)/4)/((-1)/16). Let i = 319 - 309. What is the greatest common divisor of m and i?
10
Let h(r) = -r**3 + 15*r**2 + 13*r + 52. Let a be h(16). What is the greatest common factor of 16 and a?
4
Suppose 3*l = 4*u + 22, -5*l + 0*u + 2 = 2*u. Let m be (189 - 4/l) + 3. Calculate the highest common divisor of 38 and m.
38
Let b be -1 + 1/(1/81). Let p = 92 + 142. Let d = -202 + p. Calculate the greatest common factor of b and d.
16
Let h(n) = -3*n**3 - 16*n**2 + 6*n - 14. Let a be h(-10). Calculate the highest common factor of a and 13.
13
Suppose 6*k + 330 = k. Let m be ((-60)/36)/((-2)/k). Let f = 115 + m. Calculate the greatest common factor of 10 and f.
10
Let h = 803 - 775. What is the greatest common factor of 112 and h?
28
Let o be -11 + (-3)/6*-48. Suppose -29 = -w + 62. Calculate the highest common divisor of w and o.
13
Let s be (61 - 28)*(-2 - (-20)/6). What is the greatest common divisor of 44 and s?
44
Suppose 2*w = 14 + 20. Let j = 27 - w. Calculate the highest common factor of j and 10.
10
Let i(u) = 4*u**3 - 5*u**2 - 15*u + 47. Let z be i(3). Calculate the highest common factor of 325 and z.
65
Suppose 26*v = -97 + 799. Calculate the greatest common divisor of v and 33.
3
Let j(p) = p**2 + 21*p - 26. Let q be j(13). What is the greatest common factor of 26 and q?
26
Let u(n) = n + 2. Let v be u(2). Suppose -5*t = 2*q - 761, -6*q = -5*q - t - 363. Suppose v*r = 48 + q. Calculate the greatest common factor of r and 13.
13
Let h = 269 + -173. What is the highest common divisor of h and 12?
12
Let r be (-8)/(905/606 - (-39)/(-26)). Calculate the greatest common factor of 12 and r.
12
Let y(u) = 9*u - 79. Let r be y(22). Suppose a + 105 = 5*n - 4*a, 5*n = 3*a + 97. Calculate the highest common divisor of r and n.
17
Suppose 2*s = -0*s + 10. Suppose 0 = -s*g - 1 + 11. Suppose 0 = 2*h - g*b - 2, -2*h - 2*h + b = -7. Calculate the greatest common factor of h and 22.
2
Let r be -2 + -4 + 2 + 13*35. Calculate the greatest common factor of 41 and r.
41
Let w = -349 - -556. Suppose 5*i + 161 = 5*d - 19, 0 = -5*d - 4*i + w. Suppose 5*j = -24 + 154. What is the highest common divisor of j and d?
13
Suppose 0 = -z - z - 306. Let k = z + 246. Let j be k/12 - 9/12. What is the greatest common divisor of 63 and j?
7
Let x(k) = -k - 3. Let v be x(-3). Suppose v = -j - 8*j + 360. Calculate the greatest common divisor of 60 and j.
20
Let o be 1/3 - (-304480)/330. What is the highest common divisor of 39 and o?
13
Let s be (-2)/(-2)*-1*(-11 - -2). Let f(l) = l**3 - 9*l**2 + l + 31. Let d be f(s). What is the greatest common divisor of 60 and d?
20
Suppose 1 = c + 2*u, c + 5*u + 22 = 11. Suppose 3*v = -3*b + 111, -40 = b - 2*b - 4*v. Calculate the highest common factor of c and b.
9
Let g = 31 - 14. Suppose 15 = -0*v + 5*v. Let j be ((-9)/1)/(v/51*-1). What is the highest common divisor of j and g?
17
Let h be (0 - (6/(-2) - -5)) + 62. Let v be (-8)/(-20) - (-864)/15. Let q = v + -38. Calculate the highest common divisor of q and h.
20
Let l = 248 + 172. Let s = -39 - -41. Suppose -s*x - x = -l. Calculate the highest common factor of 20 and x.
20
Let v(a) be the second derivative of -a**4/12 - 16*a**3/3 - 27*a**2/2 + 27*a. Let f be v(-29). What is the highest common divisor of 540 and f?
60
Let n = 0 - -2. Suppose 3*r - 9 = n*r. Calculate the highest common factor of r and 72.
9
Suppose -q = -u - 69 - 24, -4*q + 332 = 4*u. Let i = -18 - -19. Let v = 7 + i. Calculate the highest common factor of v and q.
8
Suppose 0 = -4*s - b + 12799, 3*s - 3*b - 9603 = -0*s. Calculate the greatest common divisor of 100 and s.
100
Suppose -k + 2*n = -69 + 11, 5*n = -5*k + 365. Calculate the greatest common factor of 1360 and k.
68
Suppose 94*u = 97*u - 207. Let f = 19 - -4. Calculate the greatest common divisor of u and f.
23
Let o be 45/75 + (-394)/(-10). What is the highest common divisor of 64 and o?
8
Suppose 49*l + 40 = 51*l. Suppose l = -5*u, 0*u + 3*u + 56 = 2*d. Calculate the greatest common divisor of d and 44.
22
Let t = -217 + 235. What is the greatest common factor of t and 48?
6
Let w = -499 - -523. Let c = -216 - -432. What is the greatest common divisor of w and c?
24
Suppose 2*m = 5*d + 2, m = -5*d + 7 - 6. Calculate the greatest common divisor of 109 and m.
1
Suppose -57*p + 62*p = -2*i + 29, 5*i = -4*p + 115. Let f be (0 + 144)/((-8)/(-12)). What is the greatest common divisor of f and i?
27
Suppose -34*r + 48*r = 13846. What is the highest common factor of r and 43?
43
Let v be 0 + (-3336)/(-4) + 2. Let o be v/20 - (-2)/10. Suppose p + 2*n - o = 6*n, 3*n - 63 = -p. Calculate the highest common divisor of p and 6.
6
Suppose 2*l - m - 134 = -l, -41 = -l + 4*m. Calculate the greatest common divisor of 144 and l.
9
Let o be 17/4 + 8/(-32). Suppose 4 = 4*l - o. Let x be 11*(-1 - l*-4). Calculate the highest common divisor of 7 and x.
7
Let l(x) = 20*x - 10. Let g be l(5). Let n = -14 + 18. Suppose -142 = -n*s + r, -2*s + s + 4*r = -28. What is the highest common factor of g and s?
18
Suppose 12 = 4*v - 36. Suppose -5 = 9